{"id":373,"date":"2020-02-17T21:32:06","date_gmt":"2020-02-17T21:32:06","guid":{"rendered":"http:\/\/s816601596.onlinehome.fr\/?page_id=373"},"modified":"2024-08-16T09:00:47","modified_gmt":"2024-08-16T09:00:47","slug":"distributions-2","status":"publish","type":"page","link":"https:\/\/amapapou.fr\/?page_id=373","title":{"rendered":"Tout savoir sur les distributions"},"content":{"rendered":"\n<h3 class=\"wp-block-heading\"><strong><figure><img loading=\"lazy\" decoding=\"async\" class=\"alignnone size-medium wp-image-195\" src=\"https:\/\/amapapou.fr\/wp-content\/uploads\/2020\/02\/LOGO-1-300x91.jpg\" alt=\"\" width=\"300\" height=\"91\" srcset=\"https:\/\/amapapou.fr\/wp-content\/uploads\/2020\/02\/LOGO-1-300x91.jpg 300w, https:\/\/amapapou.fr\/wp-content\/uploads\/2020\/02\/LOGO-1.jpg 400w\" sizes=\"auto, (max-width: 300px) 100vw, 300px\" \/><\/figure>Organisation des distributions&nbsp;<\/strong><\/h3>\n\n\n\n<p class=\"has-very-light-gray-background-color has-background has-medium-font-size\">Les distributions ont lieu dans le local de l\u2019\u00c2me \u00e0 Papous \u00e0 Lieusaint. Le local est ouvert le vendredi \u00e0&nbsp; compter de 18 h 30 jusqu\u2019\u00e0 20 h 00 selon le calendrier de distribution des l\u00e9gumes soit 46 semaines.<\/p>\n\n\n\n<p class=\"has-very-light-gray-background-color has-background has-medium-font-size\">L\u2019ouverture, l\u2019installation et le rangement du mobilier ainsi que &nbsp;la fermeture du local sont assur\u00e9s par des volontaires, membre de l\u2019association, &nbsp;\u00e0 tour de r\u00f4le. &nbsp;<\/p>\n\n\n\n<p class=\"has-very-light-gray-background-color has-background has-medium-font-size\">Les distributions sont assur\u00e9es <strong>par les amapiens <\/strong>en pr\u00e9sence des producteurs, permettant ainsi d&#8217;engager le dialogue durant la distribution.<\/p>\n\n\n\n<h3>&nbsp;<\/h3>\n<h3><strong>R\u00f4le des responsables distribution <\/strong><\/h3>\n\n\n\n<p class=\"has-very-light-gray-background-color has-background has-medium-font-size\">Le jour pr\u00e9vu, au lieu pr\u00e9vu, les responsables distribution de la semaine sont pr\u00e9sents un quart d\u2019heure avant le d\u00e9but de la distribution. Ils disposent les tables, arrangent le local afin de proc\u00e9der \u00e0 la distribution.<\/p>\n\n\n\n<h4 class=\"wp-block-heading\"><strong>Installation<\/strong><\/h4>\n\n\n\n<p class=\"has-very-light-gray-background-color has-background has-medium-font-size\">Les responsables distribution de semaine accueillent les producteurs pr\u00e9sents, d\u00e9chargent les v\u00e9hicules et disposent les cagettes sur les tables, avec les balances (cr\u00e9er un sens de circulation pour la confection du panier, du l\u00e9gume le moins fragile au plus fragile: ne pas mettre les fraises avant les pommes de terre, afin que ces premi\u00e8res ne se retrouvent pas \u00e9cras\u00e9es dans le panier)&#8230;<\/p>\n\n\n\n<div class=\"wp-block-image size-medium wp-image-308 is-style-default\"><figure class=\"alignleft is-resized\"><img loading=\"lazy\" decoding=\"async\" src=\"https:\/\/amapapou.fr\/wp-content\/uploads\/2020\/02\/maraicher7-2-226x300.jpg\" alt=\"\" class=\"wp-image-308\" width=\"170\" height=\"225\" srcset=\"https:\/\/amapapou.fr\/wp-content\/uploads\/2020\/02\/maraicher7-2-226x300.jpg 226w, https:\/\/amapapou.fr\/wp-content\/uploads\/2020\/02\/maraicher7-2.jpg 536w\" sizes=\"auto, (max-width: 170px) 100vw, 170px\" \/><\/figure><\/div>\n\n\n\n<p class=\"has-background has-very-light-gray-background-color has-medium-font-size\">Les responsables distribution de la semaine indiquent sur l\u2019ardoise la composition du panier l\u00e9gume de la semaine, suivant les indications donn\u00e9es par le mara\u00eecher.&nbsp;<\/p>\n\n\n\n<p><\/p>\n\n\n\n<h4 class=\"wp-block-heading\"><strong>Accueil<\/strong><\/h4>\n\n\n\n<p class=\"has-very-light-gray-background-color has-background has-medium-font-size\">Les responsables distribution de la semaine accueillent au fur et \u00e0 mesure des deux heures de distribution l\u2019ensemble des membres, leur font cocher la feuille de pr\u00e9sence, leur demandent de s\u2019inscrire pour tenir une permanence, remettent aux membres non \u00e9quip\u00e9s en informatique le bulletin de liaison de la semaine (dans lequel on trouve des nouvelles du jardin, des recettes de cuisine, un agenda des activit\u00e9s de l\u2019Association et du r\u00e9seau, etc&#8230;)<\/p>\n\n\n\n<h4 class=\"wp-block-heading\"><strong>Pes\u00e9e&nbsp;<\/strong><\/h4>\n\n\n\n<div class=\"wp-block-image is-style-circle-mask\"><figure class=\"alignleft\"><img loading=\"lazy\" decoding=\"async\" width=\"300\" height=\"224\" src=\"https:\/\/amapapou.fr\/wp-content\/uploads\/2020\/02\/pes\u00e9e-300x224.jpg\" alt=\"\" class=\"wp-image-592\" srcset=\"https:\/\/amapapou.fr\/wp-content\/uploads\/2020\/02\/pes\u00e9e-300x224.jpg 300w, https:\/\/amapapou.fr\/wp-content\/uploads\/2020\/02\/pes\u00e9e.jpg 518w\" sizes=\"auto, (max-width: 300px) 100vw, 300px\" \/><\/figure><\/div>\n\n\n\n<p class=\"has-background has-very-light-gray-background-color has-medium-font-size\">Chaque membre est responsable de ses pes\u00e9es. Il est conseill\u00e9 d\u2019\u00e9tablir ces pes\u00e9es en valeur dessous plut\u00f4t qu\u2019en-sus, pour que les derniers membres dans la distribution ne soient jamais l\u00e9s\u00e9s. Toute manipulation se doit d\u2019\u00eatre pr\u00e9cautionneuse dans l\u2019envie de pes\u00e9e juste de fa\u00e7on \u00e0 ce que les l\u00e9gumes soient toujours dans un \u00e9tat satisfaisant pour les derniers arrivants&#8230;A la fin de la distribution, les responsables distribution de la semaine ram\u00e8nent les cagettes vides au v\u00e9hicule du mara\u00eecher, rangent et nettoient la salle. S\u2019il reste des l\u00e9gumes (absents, surplus, etc&#8230;), ceux-ci peuvent \u00eatre partag\u00e9s entre les membres pr\u00e9sents ou remis \u00e0 un organisme caritatif.<\/p>\n\n\n\n<p class=\"has-very-light-gray-background-color has-background has-medium-font-size\"><strong>Je souhaite participer<\/strong> : Des tableaux sont \u00e0 ma disposition les jours d\u2019ouverture des distributions pour que tu puisses t\u2019y inscrire. N\u2019oublie pas : &#8220;Plus de volontaires font moins de distributions pour chacun&#8221;.<\/p>\n\n\n\n<h4 class=\"wp-block-heading\"><strong>Recommandations g\u00e9n\u00e9rales<\/strong><\/h4>\n\n\n\n<p class=\"has-very-light-gray-background-color has-background has-medium-font-size\">Il est demand\u00e9 \u00e0 chacun de respecter le lieu de distribution. Les enfants sont sous la responsabilit\u00e9 de leur(s) parent(s). \u00c9tant entendu que toute personne (adh\u00e9rent ou non-adh\u00e9rent) active ou en simple visite sur le lieu de distribution, ses abords, ou sur tout lieu de production sait qu\u2019il s\u2019y engage sous le couvert de sa propre responsabilit\u00e9 civile.<\/p>\n","protected":false},"excerpt":{"rendered":"<p>Organisation des distributions&nbsp; Les distributions ont lieu dans le local de l\u2019\u00c2me \u00e0 Papous \u00e0 Lieusaint. Le local est ouvert le vendredi \u00e0&nbsp; compter de 18 h 30 jusqu\u2019\u00e0 20 h 00 selon le calendrier de distribution des l\u00e9gumes soit 46 semaines. L\u2019ouverture, l\u2019installation et&nbsp;<a class=\"read-more\" href=\"https:\/\/amapapou.fr\/?page_id=373\">&hellip;<\/a><\/p>\n","protected":false},"author":1,"featured_media":0,"parent":0,"menu_order":0,"comment_status":"closed","ping_status":"closed","template":"","meta":{"ngg_post_thumbnail":0,"footnotes":""},"class_list":["post-373","page","type-page","status-publish","hentry"],"_links":{"self":[{"href":"https:\/\/amapapou.fr\/index.php?rest_route=\/wp\/v2\/pages\/373","targetHints":{"allow":["GET"]}}],"collection":[{"href":"https:\/\/amapapou.fr\/index.php?rest_route=\/wp\/v2\/pages"}],"about":[{"href":"https:\/\/amapapou.fr\/index.php?rest_route=\/wp\/v2\/types\/page"}],"author":[{"embeddable":true,"href":"https:\/\/amapapou.fr\/index.php?rest_route=\/wp\/v2\/users\/1"}],"replies":[{"embeddable":true,"href":"https:\/\/amapapou.fr\/index.php?rest_route=%2Fwp%2Fv2%2Fcomments&post=373"}],"version-history":[{"count":19,"href":"https:\/\/amapapou.fr\/index.php?rest_route=\/wp\/v2\/pages\/373\/revisions"}],"predecessor-version":[{"id":1376,"href":"https:\/\/amapapou.fr\/index.php?rest_route=\/wp\/v2\/pages\/373\/revisions\/1376"}],"wp:attachment":[{"href":"https:\/\/amapapou.fr\/index.php?rest_route=%2Fwp%2Fv2%2Fmedia&parent=373"}],"curies":[{"name":"wp","href":"https:\/\/api.w.org\/{rel}","templated":true}]}}